{"id":103,"date":"2022-10-06T13:05:53","date_gmt":"2022-10-06T11:05:53","guid":{"rendered":"http:\/\/creapik.com\/site\/?page_id=103"},"modified":"2025-08-16T13:47:47","modified_gmt":"2025-08-16T11:47:47","slug":"a-propos","status":"publish","type":"page","link":"https:\/\/creapik.com\/site\/a-propos\/","title":{"rendered":"A propos"},"content":{"rendered":"\n<p>Pour me contacter, vous pouvez \u00e9crire \u00e0 l&rsquo;adresse : <\/p>\n\n\n<div class=\"wp-block-image\">\n<figure class=\"aligncenter size-full is-resized\"><img loading=\"lazy\" decoding=\"async\" width=\"360\" height=\"73\" src=\"http:\/\/creapik.com\/site\/wp-content\/uploads\/2022\/10\/Capture-1.jpg\" alt=\"\" class=\"wp-image-4967\" style=\"width:202px;height:41px\" srcset=\"https:\/\/creapik.com\/site\/wp-content\/uploads\/2022\/10\/Capture-1.jpg 360w, https:\/\/creapik.com\/site\/wp-content\/uploads\/2022\/10\/Capture-1-300x61.jpg 300w\" sizes=\"auto, (max-width: 360px) 100vw, 360px\" \/><\/figure>\n<\/div>\n\n\n<p style=\"font-size:30px\"><strong>Petit historique&#8230;<\/strong><\/p>\n\n\n\n<p>Creapik.com a \u00e9t\u00e9 lanc\u00e9 en ao\u00fbt 2009, pour prendre la suite de <em>kissifrottsipik.free.fr<\/em>, ma 1\u00e8re \u00ab\u00a0galerie de justos\u00a0\u00bb, ouverte en 2006. Je voulais quelque chose de plus s\u00e9rieux, ou en tout cas avec une adresse plus facile \u00e0 orthographier, notamment apr\u00e8s avoir eu \u00e0 l&rsquo;\u00e9peler devant des cam\u00e9ras (IDF1, cha\u00eene TNT, ne vous emballez pas), et provoqu\u00e9 un gros blanc juste apr\u00e8s&#8230;<\/p>\n\n\n\n<p>Et comme un site ne suffisait pas, j&rsquo;ai continu\u00e9 : j&rsquo;ai \u00e9galement mont\u00e9 le <a href=\"http:\/\/usrogr.fr\" target=\"_blank\" rel=\"noreferrer noopener\">le site de mon club<\/a>, et quelques autres sites consacr\u00e9s \u00e0 la GR (wiki GR, annuaire de liens sur la GR&#8230;)<\/p>\n\n\n\n<p>Et donc au cas o\u00f9 \u00e7a n&rsquo;\u00e9tait pas clair, <em>ma passion, c&rsquo;est la GR.<\/em><\/p>\n\n\n\n<p>La GR, je l&rsquo;aime esth\u00e9tique, originale, dynamique, pleine de manipulations incroyables et de lanc\u00e9s spectaculaires.<\/p>\n\n\n\n<p>J&rsquo;aime le <em>\u00ab\u00a0Mesdames et messieurs, nous sommes en comp\u00e9tition\u00a0\u00bb<\/em> qui marque le d\u00e9but des tournois et doit faire stresser pas mal de gymnastes en coulisses.<\/p>\n\n\n\n<p>J&rsquo;aime la GR brillant de mille feux sous les lumi\u00e8res d&rsquo;un gymnase plong\u00e9 dans la p\u00e9nombre, avec des tonnes de strass&#8230; Oui, j&rsquo;ai un gros faible pour <strong>les justaucorps !<\/strong><\/p>\n\n\n\n<p>J&rsquo;ai pratiqu\u00e9 jusqu&rsquo;\u00e0 l&rsquo;\u00e2ge v\u00e9n\u00e9rable de 29 ans (\u00e0 m\u00e9diter avant de vous pr\u00e9tendre \u00ab\u00a0vieilles\u00a0\u00bb, les filles !), en FFG, et sporadiquement en FSCF, ainsi qu&rsquo;en FFSU (comp\u00e9titions que je conseille \u00e0 tou(te)s les \u00e9tudiant(e)s en cycle sup\u00e9rieur !).<\/p>\n\n\n\n<p>J&rsquo;ai fini par entrer au bureau de mon club, et je \u00e9galement l&rsquo;heureuse maman d&rsquo;une petite gymnaste de 5 ans (qui bien \u00e9videmment a d\u00e9j\u00e0 son justaucorps :D)<\/p>\n\n\n\n<p><strong>Donc, enchant\u00e9e, Vanessa, dinosaure des praticables.<\/strong><\/p>\n\n\n\n<p>Principales r\u00e9ponses aux questions habituelles : <\/p>\n\n\n\n<ul class=\"wp-block-list\">\n<li><strong>Non, <\/strong>je ne commercialise pas mes justaucorps, j&rsquo;en fabrique, tr\u00e8s ponctuellement, pour les gymnastes de mon club, mais je n&rsquo;ai pas le temps de faire plus.<\/li>\n\n\n\n<li><strong>Non, <\/strong>je ne dessine plus de justaucorps depuis quelques ann\u00e9es, j&rsquo;aimerais bien en refaire, mais c&rsquo;est vraiment le temps qui manque. Je ne peux donc pas prendre de commande de dessin de justaucorps.<\/li>\n\n\n\n<li><strong>Oui,<\/strong> vous pouvez utiliser mes <a href=\"http:\/\/creapik.com\/site\/modeles-de-justaucorps\/\" data-type=\"URL\" data-id=\"http:\/\/creapik.com\/site\/modeles-de-justaucorps\/\">dessins de justaucorps<\/a> pour fabriquer\/faire fabriquer le v\u00f4tre. Dans ce cas, si vous venez \u00e0 publier des photos, c&rsquo;est toujours bien de le pr\u00e9ciser, et si vous publiez carr\u00e9ment le dessin, merci de ne pas vous en pr\u00e9tendre auteur.<\/li>\n\n\n\n<li><strong>Oui,<\/strong> vous pouvez me demander une affiche de comp\u00e9tition, merci de vous y prendre \u00e0 l&rsquo;avance (2 mois).<\/li>\n\n\n\n<li><strong>Non<\/strong>, je ne peux pas vous accueillir en stage. Alors je trouve \u00e7a hyper gentil et flatteur quand vous me le demandez, malheureusement je ne suis pas pro, je couds\/cr\u00e9e mes affiches\/photos essentiellement le week-end et le soir, car en journ\u00e9e je travaille essentiellement sur Excel (et vous n&rsquo;avez pas envie de me voir travailler sur Excel \ud83d\ude01).<\/li>\n<\/ul>\n","protected":false},"excerpt":{"rendered":"<p>Pour me contacter, vous pouvez \u00e9crire \u00e0 l&rsquo;adresse : Petit historique&#8230; Creapik.com a \u00e9t\u00e9 lanc\u00e9 en ao\u00fbt 2009, pour prendre la suite de kissifrottsipik.free.fr, ma 1\u00e8re \u00ab\u00a0galerie de justos\u00a0\u00bb, ouverte en 2006. Je voulais quelque chose de plus s\u00e9rieux, ou en tout cas avec une adresse plus facile \u00e0 orthographier, notamment apr\u00e8s avoir eu \u00e0 l&rsquo;\u00e9peler devant des cam\u00e9ras (IDF1, cha\u00eene TNT, ne vous emballez pas), et provoqu\u00e9 un gros blanc juste apr\u00e8s&#8230; Et comme un site ne suffisait pas,&#8230;<\/p>\n<p class=\"read-more\"><a class=\"btn btn-default\" href=\"https:\/\/creapik.com\/site\/a-propos\/\">Lire la suite<span class=\"screen-reader-text\"> Lire la suite<\/span><\/a><\/p>\n","protected":false},"author":1,"featured_media":0,"parent":0,"menu_order":0,"comment_status":"closed","ping_status":"closed","template":"","meta":{"footnotes":""},"class_list":["post-103","page","type-page","status-publish","hentry"],"_links":{"self":[{"href":"https:\/\/creapik.com\/site\/wp-json\/wp\/v2\/pages\/103","targetHints":{"allow":["GET"]}}],"collection":[{"href":"https:\/\/creapik.com\/site\/wp-json\/wp\/v2\/pages"}],"about":[{"href":"https:\/\/creapik.com\/site\/wp-json\/wp\/v2\/types\/page"}],"author":[{"embeddable":true,"href":"https:\/\/creapik.com\/site\/wp-json\/wp\/v2\/users\/1"}],"replies":[{"embeddable":true,"href":"https:\/\/creapik.com\/site\/wp-json\/wp\/v2\/comments?post=103"}],"version-history":[{"count":11,"href":"https:\/\/creapik.com\/site\/wp-json\/wp\/v2\/pages\/103\/revisions"}],"predecessor-version":[{"id":68513,"href":"https:\/\/creapik.com\/site\/wp-json\/wp\/v2\/pages\/103\/revisions\/68513"}],"wp:attachment":[{"href":"https:\/\/creapik.com\/site\/wp-json\/wp\/v2\/media?parent=103"}],"curies":[{"name":"wp","href":"https:\/\/api.w.org\/{rel}","templated":true}]}}